{"id":451,"date":"2017-03-23T21:05:00","date_gmt":"2017-03-23T21:05:00","guid":{"rendered":"http:\/\/indefos.gob.mx\/portal\/?page_id=451"},"modified":"2023-02-24T10:00:12","modified_gmt":"2023-02-24T16:00:12","slug":"fraccion-xli","status":"publish","type":"page","link":"https:\/\/indefos.gob.mx\/portal\/fraccion-xli\/","title":{"rendered":"Fracci\u00f3n XLI"},"content":{"rendered":"\n<table id=\"tablepress-17\" class=\"tablepress tablepress-id-17\">\n<thead>\n<tr class=\"row-1\">\n\t<th class=\"column-1\">Fracci\u00f3n<\/th><th class=\"column-2\">Obligaci\u00f3n<\/th><th class=\"column-3\">Aplicabilidad INDEFOS<\/th><th class=\"column-4\">Per\u00edodo de aplicaci\u00f3n<\/th>\n<\/tr>\n<\/thead>\n<tbody class=\"row-striping row-hover\">\n<tr class=\"row-2\">\n\t<td class=\"column-1\">A)<\/td><td class=\"column-2\">Estudios financiados con recursos p\u00fablicos derivados de la colaboraci\u00f3n con instituciones u organismos p\u00fablicos<\/td><td class=\"column-3\"><a href=\"https:\/\/indefos.gob.mx\/portal\/wp-content\/uploads\/CoordinacionContable\/Fracciones\/Formato%20F41a_LTAIPEC_Art74_FracXLI.xls\"><img loading=\"lazy\" decoding=\"async\" src=\"http:\/\/indefos.gob.mx\/portal\/wp-content\/uploads\/2017\/03\/paloma.png\" alt=\"\" width=\"25\" height=\"25\" class=\"alignnone size-full wp-image-298\" \/><\/a><\/td><td class=\"column-4\">Trimestral<\/td>\n<\/tr>\n<tr class=\"row-3\">\n\t<td class=\"column-1\">B)<\/td><td class=\"column-2\">Estudios financiados con recursos p\u00fablicos en colaboraci\u00f3n con organizaciones de los sectores social y privado<\/td><td class=\"column-3\"><a href=\"https:\/\/indefos.gob.mx\/portal\/wp-content\/uploads\/CoordinacionContable\/Fracciones\/Formato%20F41b_LTAIPEC_Art74_FrXLI.xls\"><img loading=\"lazy\" decoding=\"async\" src=\"http:\/\/indefos.gob.mx\/portal\/wp-content\/uploads\/2017\/03\/paloma.png\" alt=\"\" width=\"25\" height=\"25\" class=\"alignnone size-full wp-image-298\" \/><\/a><\/td><td class=\"column-4\">Trimestral<\/td>\n<\/tr>\n<tr class=\"row-4\">\n\t<td class=\"column-1\">C)<\/td><td class=\"column-2\">Estudios financiados con recursos p\u00fablicos cuya elaboraci\u00f3n el sujeto obligado haya contratado a organizaciones pertenecientes a los sectores social y privado, instituciones u organismos p\u00fablicos, o personas f\u00edsicas<\/td><td class=\"column-3\"><a href=\"https:\/\/indefos.gob.mx\/portal\/wp-content\/uploads\/CoordinacionContable\/Fracciones\/Formato%20F41c_LTAIPEC_Art74_FracXLI.xls\"><img loading=\"lazy\" decoding=\"async\" src=\"http:\/\/indefos.gob.mx\/portal\/wp-content\/uploads\/2017\/03\/paloma.png\" alt=\"\" width=\"25\" height=\"25\" class=\"alignnone size-full wp-image-298\" \/><\/a><\/td><td class=\"column-4\">Trimestral<\/td>\n<\/tr>\n<tr class=\"row-5\">\n\t<td class=\"column-1\">D)<\/td><td class=\"column-2\">Casos en que los estudios, investigaciones o an\u00e1lisis que fueron financiados por otras instituciones de car\u00e1cter  p\u00fablico<\/td><td class=\"column-3\"><a href=\"https:\/\/indefos.gob.mx\/portal\/wp-content\/uploads\/CoordinacionContable\/Fracciones\/Formato%20F41d_LTAIPEC_Art74_FrXLI.xls\"><img loading=\"lazy\" decoding=\"async\" src=\"http:\/\/indefos.gob.mx\/portal\/wp-content\/uploads\/2017\/03\/paloma.png\" alt=\"\" width=\"25\" height=\"25\" class=\"alignnone size-full wp-image-298\" \/><\/a><\/td><td class=\"column-4\">Trimestral<\/td>\n<\/tr>\n<\/tbody>\n<\/table>\n<!-- #tablepress-17 from cache -->\n","protected":false},"excerpt":{"rendered":"","protected":false},"author":2,"featured_media":0,"parent":0,"menu_order":0,"comment_status":"closed","ping_status":"closed","template":"","meta":{"_crdt_document":"","footnotes":""},"class_list":["post-451","page","type-page","status-publish","hentry"],"rttpg_featured_image_url":null,"rttpg_author":{"display_name":"Instituto de Desarrollo y Formaci\u00f3n Social","author_link":"https:\/\/indefos.gob.mx\/portal\/author\/indefos\/"},"rttpg_comment":0,"rttpg_category":null,"rttpg_excerpt":null,"_links":{"self":[{"href":"https:\/\/indefos.gob.mx\/portal\/wp-json\/wp\/v2\/pages\/451","targetHints":{"allow":["GET"]}}],"collection":[{"href":"https:\/\/indefos.gob.mx\/portal\/wp-json\/wp\/v2\/pages"}],"about":[{"href":"https:\/\/indefos.gob.mx\/portal\/wp-json\/wp\/v2\/types\/page"}],"author":[{"embeddable":true,"href":"https:\/\/indefos.gob.mx\/portal\/wp-json\/wp\/v2\/users\/2"}],"replies":[{"embeddable":true,"href":"https:\/\/indefos.gob.mx\/portal\/wp-json\/wp\/v2\/comments?post=451"}],"version-history":[{"count":2,"href":"https:\/\/indefos.gob.mx\/portal\/wp-json\/wp\/v2\/pages\/451\/revisions"}],"predecessor-version":[{"id":453,"href":"https:\/\/indefos.gob.mx\/portal\/wp-json\/wp\/v2\/pages\/451\/revisions\/453"}],"wp:attachment":[{"href":"https:\/\/indefos.gob.mx\/portal\/wp-json\/wp\/v2\/media?parent=451"}],"curies":[{"name":"wp","href":"https:\/\/api.w.org\/{rel}","templated":true}]}}