{"id":322,"date":"2017-03-22T20:46:49","date_gmt":"2017-03-22T20:46:49","guid":{"rendered":"http:\/\/indefos.gob.mx\/portal\/?page_id=322"},"modified":"2023-02-24T10:00:12","modified_gmt":"2023-02-24T16:00:12","slug":"fraccion-xii","status":"publish","type":"page","link":"https:\/\/indefos.gob.mx\/portal\/fraccion-xii\/","title":{"rendered":"Fracci\u00f3n XII"},"content":{"rendered":"<h1 style=\"text-align: justify;\"><strong>XII. La informaci\u00f3n en Versi\u00f3n P\u00fablica de las declaraciones patrimoniales de los Servidores P\u00fablicos que as\u00ed lo determinen, en los sistemas habilitados para ello, de acuerdo a las normatividad aplicable.<\/strong><\/h1>\n<p>&nbsp;<\/p>\n<h3 style=\"text-align: justify;\"><em>Toda vez que no es parte del objeto ni de las atribuciones jur\u00eddico-administrativas de Instituto de Desarrollo y Formaci\u00f3n Social establecidas en su acuerdo de creaci\u00f3n y el acuerdo modifica el acuerdo de creaci\u00f3n. Adem\u00e1s conforme a lo establecido \u00a0en su art\u00edculo 12 fracci\u00f3n V corresponde a la Secretar\u00eda de la Contralor\u00eda dicha atribuci\u00f3n.\u00a0<\/em><\/h3>\n<p>&nbsp;<\/p>\n<p><img loading=\"lazy\" decoding=\"async\" class=\" wp-image-297 aligncenter\" src=\"http:\/\/indefos.gob.mx\/portal\/wp-content\/uploads\/2017\/03\/error-300x300.png\" alt=\"\" width=\"125\" height=\"125\" srcset=\"https:\/\/indefos.gob.mx\/portal\/wp-content\/uploads\/2017\/03\/error-300x300.png 300w, https:\/\/indefos.gob.mx\/portal\/wp-content\/uploads\/2017\/03\/error-150x150.png 150w, https:\/\/indefos.gob.mx\/portal\/wp-content\/uploads\/2017\/03\/error-440x435.png 440w, https:\/\/indefos.gob.mx\/portal\/wp-content\/uploads\/2017\/03\/error.png 512w\" sizes=\"auto, (max-width: 125px) 100vw, 125px\" \/><\/p>\n<h2 style=\"text-align: center;\">No Aplica<\/h2>\n","protected":false},"excerpt":{"rendered":"<p>XII. La informaci\u00f3n en Versi\u00f3n P\u00fablica de las declaraciones patrimoniales de los Servidores P\u00fablicos que as\u00ed lo determinen, en los sistemas habilitados para ello, de acuerdo a las normatividad aplicable. &nbsp; Toda vez que no es parte del objeto ni de las atribuciones jur\u00eddico-administrativas de Instituto de Desarrollo y Formaci\u00f3n Social establecidas en su acuerdo&hellip; <br \/> <a class=\"read-more\" href=\"https:\/\/indefos.gob.mx\/portal\/fraccion-xii\/\">Leer m\u00e1s<\/a><\/p>\n","protected":false},"author":2,"featured_media":0,"parent":0,"menu_order":0,"comment_status":"closed","ping_status":"closed","template":"","meta":{"_crdt_document":"","footnotes":""},"class_list":["post-322","page","type-page","status-publish","hentry"],"rttpg_featured_image_url":null,"rttpg_author":{"display_name":"Instituto de Desarrollo y Formaci\u00f3n Social","author_link":"https:\/\/indefos.gob.mx\/portal\/author\/indefos\/"},"rttpg_comment":0,"rttpg_category":null,"rttpg_excerpt":"XII. La informaci\u00f3n en Versi\u00f3n P\u00fablica de las declaraciones patrimoniales de los Servidores P\u00fablicos que as\u00ed lo determinen, en los sistemas habilitados para ello, de acuerdo a las normatividad aplicable. &nbsp; Toda vez que no es parte del objeto ni de las atribuciones jur\u00eddico-administrativas de Instituto de Desarrollo y Formaci\u00f3n Social establecidas en su acuerdo&hellip;&hellip;","_links":{"self":[{"href":"https:\/\/indefos.gob.mx\/portal\/wp-json\/wp\/v2\/pages\/322","targetHints":{"allow":["GET"]}}],"collection":[{"href":"https:\/\/indefos.gob.mx\/portal\/wp-json\/wp\/v2\/pages"}],"about":[{"href":"https:\/\/indefos.gob.mx\/portal\/wp-json\/wp\/v2\/types\/page"}],"author":[{"embeddable":true,"href":"https:\/\/indefos.gob.mx\/portal\/wp-json\/wp\/v2\/users\/2"}],"replies":[{"embeddable":true,"href":"https:\/\/indefos.gob.mx\/portal\/wp-json\/wp\/v2\/comments?post=322"}],"version-history":[{"count":5,"href":"https:\/\/indefos.gob.mx\/portal\/wp-json\/wp\/v2\/pages\/322\/revisions"}],"predecessor-version":[{"id":328,"href":"https:\/\/indefos.gob.mx\/portal\/wp-json\/wp\/v2\/pages\/322\/revisions\/328"}],"wp:attachment":[{"href":"https:\/\/indefos.gob.mx\/portal\/wp-json\/wp\/v2\/media?parent=322"}],"curies":[{"name":"wp","href":"https:\/\/api.w.org\/{rel}","templated":true}]}}