{"id":2743,"date":"2023-01-20T10:56:58","date_gmt":"2023-01-20T16:56:58","guid":{"rendered":"https:\/\/indefos.gob.mx\/portal\/?page_id=2743"},"modified":"2023-02-24T10:00:13","modified_gmt":"2023-02-24T16:00:13","slug":"pae-2021","status":"publish","type":"page","link":"https:\/\/indefos.gob.mx\/portal\/pae-2021\/","title":{"rendered":"PAE 2021"},"content":{"rendered":"<h4><\/h4>\n<h4><img loading=\"lazy\" decoding=\"async\" class=\"aligncenter wp-image-2571 size-thumbnail\" src=\"https:\/\/indefos.gob.mx\/portal\/wp-content\/uploads\/2022\/08\/clipboard-3-150x150.png\" alt=\"\" width=\"150\" height=\"150\" srcset=\"https:\/\/indefos.gob.mx\/portal\/wp-content\/uploads\/2022\/08\/clipboard-3-150x150.png 150w, https:\/\/indefos.gob.mx\/portal\/wp-content\/uploads\/2022\/08\/clipboard-3-300x300.png 300w, https:\/\/indefos.gob.mx\/portal\/wp-content\/uploads\/2022\/08\/clipboard-3.png 512w\" sizes=\"auto, (max-width: 150px) 100vw, 150px\" \/><\/h4>\n<h4><\/h4>\n<h4><strong>PAE 2021<\/strong><\/h4>\n<h5><span style=\"color: #000000;\"><a style=\"color: #000000;\" href=\"https:\/\/indefos.gob.mx\/portal\/Transparencia\/CoordinacionPlanecaion\/PAE\/PAE%202021\/1.-%20Informe%20Final%20EED_144%20v4_3E_IF.pdf\" target=\"_blank\" rel=\"noopener\">\u21d2Informe final.<\/a><\/span><\/h5>\n<h5><span style=\"color: #000000;\"><a style=\"color: #000000;\" href=\"https:\/\/indefos.gob.mx\/portal\/Transparencia\/CoordinacionPlanecaion\/PAE\/PAE%202021\/2.-%20TdR_EED_144.pdf\" target=\"_blank\" rel=\"noopener\">\u21d2T\u00e9rminos de Referencia (TdR).<\/a><\/span><\/h5>\n<h5><span style=\"color: #000000;\"><a style=\"color: #000000;\" href=\"https:\/\/indefos.gob.mx\/portal\/Transparencia\/CoordinacionPlanecaion\/PAE\/PAE%202021\/3.-%20Anexo1FormatoParaLaDifusionDeLosResultadosDeLasEvaluacionesPpE144.PDF\" target=\"_blank\" rel=\"noopener\">\u21d2Anexo 1 Formato para la Difusi\u00f3n de los Resultados de las Evaluaciones de los Programas y Fondos de Aportaciones Federales, as\u00ed como de los Programas Presupuestarios y otros Programas Ejercidos por la Administraci\u00f3n P\u00fablica del Estado de Campeche.<\/a><\/span><\/h5>\n<h5><span style=\"color: #000000;\"><a style=\"color: #000000;\" href=\"https:\/\/indefos.gob.mx\/portal\/Transparencia\/CoordinacionPlanecaion\/PAE\/PAE%202021\/4.-%20FichaT%C3%A9cnicaDelEvaluador.pdf\" target=\"_blank\" rel=\"noopener\">\u21d2Ficha T\u00e9cnica del Evaluador.<\/a><\/span><\/h5>\n<h5><span style=\"color: #000000;\"><a style=\"color: #000000;\" href=\"https:\/\/indefos.gob.mx\/portal\/Transparencia\/CoordinacionPlanecaion\/PAE\/PAE%202021\/5.-%20PropuestaDeTrabajo_EED_144.pdf\" target=\"_blank\" rel=\"noopener\">\u21d2Propuesta de trabajo.<\/a><\/span><\/h5>\n<h5><span style=\"color: #000000;\"><a style=\"color: #000000;\" href=\"https:\/\/indefos.gob.mx\/portal\/Transparencia\/CoordinacionPlanecaion\/PAE\/PAE%202021\/6.-%20ResumenEjecutivo_E144.pdf\" target=\"_blank\" rel=\"noopener\">\u21d2Resumen Ejecutivo.<\/a><\/span><\/h5>\n<h5><span style=\"color: #000000;\"><a style=\"color: #000000;\" href=\"https:\/\/indefos.gob.mx\/portal\/Transparencia\/CoordinacionPlanecaion\/PAE\/PAE%202021\/8.-%20ConstanciaDeSituaci%C3%B3nFiscal.pdf\" target=\"_blank\" rel=\"noopener\"><span style=\"color: #000000;\">\u21d2Constancia<\/span> de Situaci\u00f3n Fiscal.<\/a><\/span><\/h5>\n<h5><span style=\"color: #000000;\"><a style=\"color: #000000;\" href=\"https:\/\/indefos.gob.mx\/portal\/Transparencia\/CoordinacionPlanecaion\/PAE\/PAE%202021\/9.-%20ContratoDePrestacionDeServiciosEvaluadorExterno.PDF\" target=\"_blank\" rel=\"noopener\">\u21d2Contrato de Prestaci\u00f3n de Servicios.<\/a><\/span><\/h5>\n<h5><span style=\"color: #000000;\"><a style=\"color: #000000;\" href=\"https:\/\/indefos.gob.mx\/portal\/Transparencia\/CoordinacionPlanecaion\/PAE\/PAE%202021\/10.-%20CurriculumVitaeDelEvaluadorExterno.pdf\" target=\"_blank\" rel=\"noopener\">\u21d2Curr\u00edculum del Evaluador.<\/a><\/span><\/h5>\n<h5><span style=\"color: #000000;\"><a style=\"color: #000000;\" href=\"https:\/\/indefos.gob.mx\/portal\/Transparencia\/CoordinacionPlanecaion\/PAE\/PAE%202021\/11.-%20ExperienciaDelEvaluadorExterno.pdf\" target=\"_blank\" rel=\"noopener\">\u21d2Documentaci\u00f3n que acredite la experiencia del evaluador.<\/a><\/span><\/h5>\n<h5><a href=\"https:\/\/indefos.gob.mx\/portal\/Transparencia\/CoordinacionPlanecaion\/PAE\/PAE%202021\/12.-%20Manifestaci%C3%B3nDeExperienciaDelEvaluador.pdf\" target=\"_blank\" rel=\"noopener\"><span style=\"color: #000000;\">\u21d2Documento de Manifestaci\u00f3n por escrito de que el evaluador tiene experiencia.<\/span><\/a><\/h5>\n<h5><a href=\"https:\/\/indefos.gob.mx\/portal\/Transparencia\/CoordinacionPlanecaion\/PAE\/PAE%202021\/Anexo_B_ASM_2021_INDEFOS.pdf\" target=\"_blank\" rel=\"noopener\"><span style=\"color: #000000;\"><u>Aspectos Susceptibles de Mejora. Anexo B Documento de Trabajo<\/u><\/span><\/a><\/h5>\n<h5><span style=\"color: #000000;\"><a style=\"color: #000000;\" href=\"https:\/\/indefos.gob.mx\/portal\/Transparencia\/CoordinacionPlanecaion\/PAE\/PAE%202021\/Anexo_C_Avance_del_Documento_de_Trabajo_ASM_2021_Pp144_INDEFOS.pdf\" target=\"_blank\" rel=\"noopener\"><u>Aspectos Susceptibles de Mejora. Anexo C Avance del Documento de Trabajo<\/u><\/a><\/span><\/h5>\n<h5><a href=\"https:\/\/indefos.gob.mx\/portal\/Transparencia\/CoordinacionPlanecaion\/PAE\/PAE%202021\/Anexo_D_ASM_2021_INDEFOS.pdf\" target=\"_blank\" rel=\"noopener\"><span style=\"color: #000000;\"><u>Aspectos Susceptibles de Mejora. Anexo D Documento Institucional<\/u><\/span><\/a><\/h5>\n<h5><a href=\"https:\/\/indefos.gob.mx\/portal\/Transparencia\/CoordinacionPlanecaion\/PAE\/PAE%202021\/Anexo_E_ASM_2021_INDEFOS.pdf\" target=\"_blank\" rel=\"noopener\"><span style=\"color: #000000;\"><u>Aspectos Susceptibles de<\/u><u> Me<\/u><u>jora.<\/u><u> Anexo E Avance del Documento Institucional (Primer Avance)<\/u><\/span><\/a><\/h5>\n<h5><a href=\"https:\/\/indefos.gob.mx\/portal\/Transparencia\/CoordinacionPlanecaion\/PAE\/PAE%202021\/Anexo_F_ASM_2021_INDEFOS.pdf\" target=\"_blank\" rel=\"noopener\"><span style=\"color: #000000;\"><u>Aspectos Susceptibles de Mejora. Anexo F Posici\u00f3n Institucional<\/u><\/span><\/a><\/h5>\n","protected":false},"excerpt":{"rendered":"<p>PAE 2021 \u21d2Informe final. \u21d2T\u00e9rminos de Referencia (TdR). \u21d2Anexo 1 Formato para la Difusi\u00f3n de los Resultados de las Evaluaciones de los Programas y Fondos de Aportaciones Federales, as\u00ed como de los Programas Presupuestarios y otros Programas Ejercidos por la Administraci\u00f3n P\u00fablica del Estado de Campeche. \u21d2Ficha T\u00e9cnica del Evaluador. \u21d2Propuesta de trabajo. \u21d2Resumen Ejecutivo.&hellip; <br \/> <a class=\"read-more\" href=\"https:\/\/indefos.gob.mx\/portal\/pae-2021\/\">Leer m\u00e1s<\/a><\/p>\n","protected":false},"author":2,"featured_media":0,"parent":0,"menu_order":0,"comment_status":"closed","ping_status":"closed","template":"","meta":{"_crdt_document":"","footnotes":""},"class_list":["post-2743","page","type-page","status-publish","hentry"],"rttpg_featured_image_url":null,"rttpg_author":{"display_name":"Instituto de Desarrollo y Formaci\u00f3n Social","author_link":"https:\/\/indefos.gob.mx\/portal\/author\/indefos\/"},"rttpg_comment":0,"rttpg_category":null,"rttpg_excerpt":"PAE 2021 \u21d2Informe final. \u21d2T\u00e9rminos de Referencia (TdR). \u21d2Anexo 1 Formato para la Difusi\u00f3n de los Resultados de las Evaluaciones de los Programas y Fondos de Aportaciones Federales, as\u00ed como de los Programas Presupuestarios y otros Programas Ejercidos por la Administraci\u00f3n P\u00fablica del Estado de Campeche. \u21d2Ficha T\u00e9cnica del Evaluador. \u21d2Propuesta de trabajo. \u21d2Resumen Ejecutivo.&hellip;&hellip;","_links":{"self":[{"href":"https:\/\/indefos.gob.mx\/portal\/wp-json\/wp\/v2\/pages\/2743","targetHints":{"allow":["GET"]}}],"collection":[{"href":"https:\/\/indefos.gob.mx\/portal\/wp-json\/wp\/v2\/pages"}],"about":[{"href":"https:\/\/indefos.gob.mx\/portal\/wp-json\/wp\/v2\/types\/page"}],"author":[{"embeddable":true,"href":"https:\/\/indefos.gob.mx\/portal\/wp-json\/wp\/v2\/users\/2"}],"replies":[{"embeddable":true,"href":"https:\/\/indefos.gob.mx\/portal\/wp-json\/wp\/v2\/comments?post=2743"}],"version-history":[{"count":1,"href":"https:\/\/indefos.gob.mx\/portal\/wp-json\/wp\/v2\/pages\/2743\/revisions"}],"predecessor-version":[{"id":2753,"href":"https:\/\/indefos.gob.mx\/portal\/wp-json\/wp\/v2\/pages\/2743\/revisions\/2753"}],"wp:attachment":[{"href":"https:\/\/indefos.gob.mx\/portal\/wp-json\/wp\/v2\/media?parent=2743"}],"curies":[{"name":"wp","href":"https:\/\/api.w.org\/{rel}","templated":true}]}}